264 and x.
33
Let u be ((-6)/4 + 1)*-8. Suppose -3*h = 2*h + 5*b - 130, -22 = -2*h + u*b. Let r = -30152 + 30383. What is the greatest common divisor of h and r?
21
Let q be (-1 + 2)*(0/(-3) + 0). Suppose -104*z + 106*z - 10 = q. Suppose 2*j = -z*i + 250, i = -0*j - 3*j + 362. What is the highest common divisor of 12 and j?
12
Let g = -38 - -48. Let a(p) = 5*p**2 - 48*p - 3. Let j be a(g). Calculate the greatest common divisor of 51 and j.
17
Let g(z) = 428*z**2 + 132*z - 1044. Let d be g(7). What is the highest common factor of 52 and d?
52
Suppose 3*x - 472 + 454 = 0. Suppose m = -5*j + j + x, 5*m - 30 = -5*j. Calculate the greatest common factor of 15 and m.
3
Let d = 198 + -172. Let c be (d/3)/(44/462). Calculate the highest common factor of 1001 and c.
91
Suppose 4*b - 73 = -4*d + 51, 3*b = 5*d + 157. Let m = -257 - -530. Calculate the highest common divisor of b and m.
39
Let i(o) be the second derivative of -o**5/20 + 11*o**4/12 - o**3/3 + 13*o**2 - 3*o - 4. Let w be i(9). What is the highest common divisor of 10 and w?
10
Let w be 4/(-26) + ((-23300)/(-26) - 6). What is the highest common factor of 356 and w?
178
Let g(f) = 8*f + 9. Let c be g(-1). Let m be 8 + 607 - (c + -2). Calculate the highest common factor of 22 and m.
22
Let f = 128 + -123. Suppose -f*g = -5*m - 955, -2*g + m + 758 = 2*g. Calculate the greatest common divisor of 14 and g.
7
Let o(u) = 61*u**2 + 5*u + 10. Let n be o(-4). Suppose j - 15*j = -n. Let y be (36/(-9))/((-4)/46). Calculate the highest common factor of j and y.
23
Suppose -161*b - 16 = -159*b, 0 = 2*f - 3*b - 1524. Calculate the highest common divisor of 126 and f.
6
Let b be 10/(8 + -16 + 9)*820/2. What is the greatest common divisor of b and 300?
100
Let k be (15/2)/(3/12). Let b be (-7)/((-49)/(-42)) + 11. Suppose 3*x + 2*a - 990 = 0, -5 = b*x + 5*a - 1655. What is the greatest common divisor of x and k?
30
Suppose 3*y - 5*y + 1296 = 5*r, y + 2*r = 650. What is the greatest common factor of y and 470?
94
Suppose -3*i - 20 = -2*a, -5*a + 4 = 2*i - 2*a. Let w be (15/i - 0)/((-3)/156). Calculate the greatest common divisor of w and 15.
15
Let o = 3 + -1. Let i = -1193 + 1416. Suppose -q + i = o*b + 2*q, 0 = -4*b + 4*q + 396. What is the greatest common factor of b and 13?
13
Let l = -13717 + 21402. Calculate the highest common factor of 58 and l.
29
Suppose -10*o - 2499 = -21*o - 10*o. What is the highest common factor of o and 799?
17
Suppose 11*s - 1245 = -244. What is the greatest common divisor of s and 3458?
91
Let i = -1230 + 1798. Let a be -2 + ((-12)/(-24))/(2/i). Calculate the greatest common divisor of a and 35.
35
Let i = 8 + -14. Let y(z) = -2*z**2 + 17*z - 7. Let d be y(15). Let l be d/i - 4/6. Calculate the highest common factor of l and 22.
11
Let x(s) = s**3 - 48*s**2 - 205*s + 28. Let y be x(52). Calculate the highest common factor of 12328 and y.
184
Let z(b) = -10*b**2 - 12*b + 7. Let v = -122 - -127. Let c be z(v). Let p = c + 510. Calculate the highest common divisor of 23 and p.
23
Let k = -849 - -846. Let l be 1/k - (-12832)/48. Calculate the greatest common divisor of l and 89.
89
Suppose 0 = -4*l + 3*l + 3*j + 16, 4*l - 3*j = 46. Suppose 0 = l*k + 2*k - 8532. Calculate the highest common divisor of 79 and k.
79
Suppose -1 - 4 = -i. Let h(l) = -l**2 - 2*l + 13. Let m be h(2). Suppose -m*w - 33 + 433 = 0. Calculate the greatest common factor of i and w.
5
Let w = -58 - -79. Suppose 0 = 4*h - 2*g + 46, 0 = 4*h - g + 4*g + w. Let s be 4/(-6) - 69/h*1. Calculate the highest common factor of s and 28.
7
Let c = 112 - 76. Let z(s) = 12*s**2 + 692*s - 28. Let t be z(-58). Calculate the greatest common divisor of t and c.
12
Let k(l) = -l**3 - 44*l**2 + 51*l + 365. Let t be k(-45). What is the greatest common divisor of 5605 and t?
95
Suppose -6*p + 127 - 49 = 0. Suppose -18 + 46 = 7*o. Suppose 5*l - 1029 = 3*x - 329, 3*l = o*x + 409. What is the greatest common divisor of p and l?
13
Suppose 19*k - 1610 = 12*k. Let l = -313 - -195. Let p = l + k. Calculate the greatest common factor of 14 and p.
14
Let m = -10098 - -11994. What is the greatest common factor of 120 and m?
24
Let n(a) = 3*a**2 + 4*a + 14. Let b be n(-3). Let g = b - 25. Let w be -32*-7*(-4 + (-150)/(-35)). Calculate the highest common factor of g and w.
4
Let x = 2523 + -2038. What is the greatest common factor of 388 and x?
97
Let h be -1*((-17)/34)/(1/756). Suppose -h = 33*b - 42*b. What is the greatest common divisor of b and 12?
6
Let w = 8 + -5. Let p be ((-2)/4*-13)/(148/(-296)). Let u be (w + p)*((1 - 2) + -1). What is the greatest common divisor of u and 4?
4
Let d be (-2)/(17/(-730 + -18)). What is the greatest common factor of d and 432?
8
Let o = -2879 + 3149. Calculate the greatest common factor of o and 300.
30
Suppose -741 = -23*y + 10*y. Suppose 0 = -q - 3*i + 139, -2*i - i = -6. Calculate the highest common divisor of q and y.
19
Suppose 38*k - 78*k + 3480 = 0. What is the highest common factor of k and 12789?
87
Suppose x + l = 1 + 1, -x = -l - 2. Suppose 0 = 4*d + 12, -187 = -2*p - 340*d + 345*d. Calculate the highest common factor of p and x.
2
Let v = -1024 + 1054. Calculate the greatest common factor of v and 138.
6
Let k(z) = 3378*z - 1628. Let m be k(2). What is the greatest common divisor of 8 and m?
8
Let a = -15996 - -16086. What is the highest common factor of 2910 and a?
30
Let f(r) = r**3 - 14*r**2 - 35*r - 158. Let a be f(17). Let o = -105 - -181. What is the greatest common divisor of o and a?
38
Suppose -3806 = 106*f - 59456. Calculate the greatest common divisor of f and 1000.
25
Suppose 3*p + 4*c = 63, 0 = 2*p - p - c - 21. Suppose -19*j + 22*j - p = 0. What is the greatest common factor of j and 28?
7
Suppose -5*x = -2*z + 502, -4*z + 6*z + x = 490. Let r = z + -210. What is the greatest common divisor of 48 and r?
12
Let i = -36 + 270. Let j = -213 + i. Calculate the greatest common factor of j and 147.
21
Suppose g - 9 = -4*c, -3*g - 30 + 46 = c. What is the greatest common factor of 56 and c?
1
Let m be (1/3)/(59/4956). What is the greatest common factor of 994 and m?
14
Let a be (-4924)/(-22) - (-39)/(9438/44). Calculate the highest common factor of a and 7.
7
Suppose 7*k - 4*k = j + 4, 3*k - 8 = 2*j. Suppose k = 13*p - 5*p. Suppose 0 = n - 6 - p. Calculate the greatest common factor of n and 2.
2
Let c(r) = -14*r**2 + 139*r - 93. Let b be c(9). Calculate the greatest common divisor of b and 375.
3
Let b(r) = 12*r**2 + 133*r + 670. Let w be b(-5). Let t(o) = 8*o + 34. Let p be t(-3). What is the highest common divisor of p and w?
5
Suppose 9*g = 4*g + 300. Suppose 2 = -4*o - 2, 4*o + 188 = 4*r. Suppose -r*y - g = -48*y. What is the highest common divisor of 12 and y?
6
Suppose 2*z = 5*d - 2220, -620*d + 618*d + 2*z + 888 = 0. What is the greatest common factor of 21 and d?
3
Let y = 7707 + -3398. Calculate the highest common factor of y and 31.
31
Let x(j) = 3*j + 1. Let b be x(-2). Let f = 7 + b. Let q be (-5)/f*(10 - 14). Calculate the greatest common factor of 30 and q.
10
Let m be (-116)/5 - 2/(-10). Let t = -4 - m. Let j be (-76)/((-3)/(-2) - 2). Calculate the highest common factor of t and j.
19
Let m = 1953 + -1810. Calculate the highest common factor of 22 and m.
11
Let s be (-2)/(4/14) + -33 + 34. Let b be 41 + (0 - (s - -5)). Suppose 4*a - 1339 = -i, -5*a = 8*i - 4*i - 1660. What is the greatest common divisor of b and a?
42
Let o be (-1344)/504*687/(-2). What is the highest common divisor of o and 4?
4
Let j(r) = -r**2 + 14*r + 61. Let k be j(17). Let f be 1/((-2 - -1)/(-30)). Suppose q + f = 4*q. What is the highest common divisor of k and q?
10
Suppose 59*n + 5053 - 47238 = 0. Calculate the greatest common divisor of 104 and n.
13
Let q = -23 + 25. Suppose -3*b - 12 = -2*x, -q*b - b - 21 = -5*x. Suppose 6*z = x*z + 81. What is the greatest common divisor of 3 and z?
3
Suppose -80*g + n = -78*g - 29, -2*n = 2*g - 20. Suppose -112 = -3*i + u, -u - 98 = -2*i - 5*u. What is the highest common divisor of i and g?
13
Let g = 3 + 0. Suppose 3*f - 164 = g*n - 8*n, -5*n + 20 = 0. Suppose -2*j + 26 = 2*q, -3*j + 11*q + 54 = 9*q. What is the highest common factor of f and j?
16
Suppose 773 - 2685 = -8*p. Let u = p + -127. Suppose 2*d - 5*i = -3*d + 155, 3*d - 101 = -5*i. What i